{"id":251,"date":"2023-10-24T18:38:36","date_gmt":"2023-10-24T16:38:36","guid":{"rendered":"http:\/\/aatv-renovation.fr\/?page_id=251"},"modified":"2023-11-03T16:36:34","modified_gmt":"2023-11-03T15:36:34","slug":"amenagements-sur-mesure","status":"publish","type":"page","link":"http:\/\/aatv-renovation.fr\/index.php\/travaux-interieurs\/amenagements-sur-mesure\/","title":{"rendered":"Am\u00e9nagements sur-mesure"},"content":{"rendered":"\n<hr class=\"wp-block-separator has-text-color has-custom-color-1-color has-alpha-channel-opacity has-custom-color-1-background-color has-background\"\/>\n\n\n\n<h2 class=\"wp-block-heading\">Une \u00e9quipe pluridisciplinaire d\u2019artisans qualifi\u00e9s pour l&#8217;agencement sur mesure, \u00e0 Lyon<\/h2>\n\n\n\n<div class=\"wp-block-buttons is-layout-flex wp-block-buttons-is-layout-flex\">\n<div class=\"wp-block-button has-custom-transform\" style=\"text-transform:uppercase\"><a class=\"wp-block-button__link has-custom-color-3-color has-custom-color-1-background-color has-text-color has-background wp-element-button\" href=\"http:\/\/aatv-renovation.fr\/index.php\/travaux-interieurs\/peinture-decoration\/\">nous peignons et d\u00e9corons aussi vos int\u00e9rieurs<\/a><\/div>\n<\/div>\n\n\n\n<div style=\"height:100px\" aria-hidden=\"true\" class=\"wp-block-spacer\"><\/div>\n\n\n\n<figure class=\"wp-block-image aligncenter size-full is-resized\"><img loading=\"lazy\" decoding=\"async\" width=\"153\" height=\"50\" src=\"http:\/\/aatv-renovation.fr\/wp-content\/uploads\/2023\/10\/icon-group.png\" alt=\"\" class=\"wp-image-220\" style=\"aspect-ratio:3.06;width:153px;height:auto\" srcset=\"http:\/\/aatv-renovation.fr\/wp-content\/uploads\/2023\/10\/icon-group.png 153w, http:\/\/aatv-renovation.fr\/wp-content\/uploads\/2023\/10\/icon-group-150x50.png 150w\" sizes=\"auto, (max-width: 153px) 100vw, 153px\" \/><\/figure>\n\n\n\n<p>Nos \u00e9quipes travaillent depuis pr\u00e8s de 15 ans \u00e0 la&nbsp;<strong>r\u00e9novation int\u00e9grale<\/strong>&nbsp;de vos int\u00e9rieurs afin de vous apporter une finition irr\u00e9prochable et un r\u00e9sultat rapide car nous intervenons dans les plus brefs d\u00e9lais pour tous vos am\u00e9nagements \u00e0 Lyon, Grenoble et Villeurbanne. Nous effectuons tous ces travaux sur-mesure afin de correspondre parfaitement \u00e0 vos espaces int\u00e9rieurs pour un agencement et des menuiseries sur-mesure. Faites appel \u00e0 notre&nbsp;<strong>\u00e9quipe d\u2019artisans<\/strong>&nbsp;qualifi\u00e9s pour la pose de cloison, travaux de menuiserie, dressing, r\u00e9novation de sols, murs, et plafonds. Nos architectes d\u2019int\u00e9rieur peuvent \u00e9galement vous conseiller tout au long du processus pour l\u2019utilisation des mat\u00e9riaux et l\u2019am\u00e9nagement de vos espaces, installation de d\u00e9corations, etc.<\/p>\n\n\n\n<div class=\"wp-block-media-text is-stacked-on-mobile\"><figure class=\"wp-block-media-text__media\"><img loading=\"lazy\" decoding=\"async\" width=\"960\" height=\"720\" src=\"http:\/\/aatv-renovation.fr\/wp-content\/uploads\/2023\/10\/IMG_0129cf3f.jpg\" alt=\"\" class=\"wp-image-252 size-full\" srcset=\"http:\/\/aatv-renovation.fr\/wp-content\/uploads\/2023\/10\/IMG_0129cf3f.jpg 960w, http:\/\/aatv-renovation.fr\/wp-content\/uploads\/2023\/10\/IMG_0129cf3f-300x225.jpg 300w, http:\/\/aatv-renovation.fr\/wp-content\/uploads\/2023\/10\/IMG_0129cf3f-768x576.jpg 768w\" sizes=\"auto, (max-width: 960px) 100vw, 960px\" \/><\/figure><div class=\"wp-block-media-text__content\">\n<h4 class=\"wp-block-heading\">Agencement sur mesure par des professionnels<\/h4>\n\n\n\n<p>Faites appel \u00e0 AATV r\u00e9novation pour profiter de prestations de r\u00e9novation int\u00e9rieure sur-mesure \u00e0&nbsp;<strong>Lyon, Grenoble et Villeurbanne<\/strong>. Dans l\u2019optique de r\u00e9nover vos int\u00e9rieurs pour go\u00fbts personnels ou pour un home staging (r\u00e9novation pour vente), nos artisans qualifi\u00e9s vous proposent un accompagnement personnalis\u00e9 afin de vous permettre d\u2019obtenir un r\u00e9sultat optimal dans des d\u00e9lais r\u00e9duits.<br>Nous vous proposons de nombreuses&nbsp;<strong>prestations sur-mesure<\/strong>, dont vos menuiseries, dressing et autres ouvrages. Rapprochez-vous de nos \u00e9quipes afin de leur poser toutes vos questions et profitez de votre devis gratuit&nbsp;!<\/p>\n\n\n\n<figure class=\"wp-block-image alignright size-full\"><img loading=\"lazy\" decoding=\"async\" width=\"50\" height=\"50\" src=\"http:\/\/aatv-renovation.fr\/wp-content\/uploads\/2023\/10\/icon-1-50x50-2.png\" alt=\"\" class=\"wp-image-165\"\/><\/figure>\n<\/div><\/div>\n\n\n\n<div style=\"height:100px\" aria-hidden=\"true\" class=\"wp-block-spacer\"><\/div>\n\n\n\n<div class=\"wp-block-media-text has-media-on-the-right is-stacked-on-mobile\"><div class=\"wp-block-media-text__content\">\n<h4 class=\"wp-block-heading\">R\u00e9agencez vos espaces afin de cr\u00e9er une atmosph\u00e8re nouvelle<br><\/h4>\n\n\n\n<p>Sp\u00e9cialistes sur des questions d\u2019am\u00e9nagement sur mesure et de d\u00e9coration d\u2019int\u00e9rieur, nos \u00e9quipes peuvent proc\u00e9der \u00e0 la&nbsp;<strong>d\u00e9molition et l\u2019\u00e9vacuation<\/strong>&nbsp;de vos cloisons dans l\u2019optique de recr\u00e9er des espaces modernes. La chute de cloison permet d\u2019<strong>agrandir vos espaces<\/strong>, et de redonner de la luminosit\u00e9 \u00e0 vos pi\u00e8ces. La r\u00e9novation d\u2019int\u00e9rieur, permet \u00e9galement d\u2019ajouter une plus-value non n\u00e9gligeable \u00e0 votre bien, et qui pourrait bien couvrir une partie ou l\u2019int\u00e9gralit\u00e9 du co\u00fbt des travaux.<br>Pour un simple rafra\u00eechissement ou une r\u00e9novation en profondeur, profitez des conseils de nos artisans pour l\u2019organisation de vos pi\u00e8ces, le choix des couleurs\/mobilier.<\/p>\n\n\n\n<figure class=\"wp-block-image alignright size-full\"><img loading=\"lazy\" decoding=\"async\" width=\"50\" height=\"50\" src=\"http:\/\/aatv-renovation.fr\/wp-content\/uploads\/2023\/09\/icon-3-50x50-1.png\" alt=\"\" class=\"wp-image-114\"\/><\/figure>\n<\/div><figure class=\"wp-block-media-text__media\"><img loading=\"lazy\" decoding=\"async\" width=\"750\" height=\"560\" src=\"http:\/\/aatv-renovation.fr\/wp-content\/uploads\/2023\/10\/Apr-26.jpg\" alt=\"\" class=\"wp-image-253 size-full\" srcset=\"http:\/\/aatv-renovation.fr\/wp-content\/uploads\/2023\/10\/Apr-26.jpg 750w, http:\/\/aatv-renovation.fr\/wp-content\/uploads\/2023\/10\/Apr-26-300x224.jpg 300w\" sizes=\"auto, (max-width: 750px) 100vw, 750px\" \/><\/figure><\/div>\n\n\n\n<div style=\"height:100px\" aria-hidden=\"true\" class=\"wp-block-spacer\"><\/div>\n\n\n\n<div class=\"wp-block-group has-background is-layout-constrained wp-block-group-is-layout-constrained\" style=\"background-color:#e8f5f9\">\n<figure class=\"wp-block-image aligncenter size-full\"><img loading=\"lazy\" decoding=\"async\" width=\"168\" height=\"80\" src=\"http:\/\/aatv-renovation.fr\/wp-content\/uploads\/2023\/09\/contact-icon.png\" alt=\"\" class=\"wp-image-115\"\/><\/figure>\n\n\n\n<p class=\"has-text-align-center\">AATV assure vos projets de r\u00e9novation<\/p>\n\n\n\n<div class=\"wp-block-buttons is-content-justification-center is-layout-flex wp-container-core-buttons-is-layout-a89b3969 wp-block-buttons-is-layout-flex\">\n<div class=\"wp-block-button has-custom-transform\" style=\"text-transform:uppercase\"><a class=\"wp-block-button__link has-custom-color-3-color has-custom-color-1-background-color has-text-color has-background wp-element-button\" href=\"https:\/\/www.pagesjaunes.fr\/pros\/52085801\">nous contacter<\/a><\/div>\n<\/div>\n<\/div>\n","protected":false},"excerpt":{"rendered":"<p>Une \u00e9quipe pluridisciplinaire d\u2019artisans qualifi\u00e9s pour l&#8217;agencement sur mesure, \u00e0 Lyon Nos \u00e9quipes travaillent depuis pr\u00e8s de 15 ans \u00e0 la&nbsp;r\u00e9novation int\u00e9grale&nbsp;de vos int\u00e9rieurs afin de vous apporter une finition irr\u00e9prochable et un r\u00e9sultat rapide car nous intervenons dans les plus brefs d\u00e9lais pour tous vos am\u00e9nagements \u00e0 Lyon, Grenoble et Villeurbanne. Nous effectuons tous &hellip;<\/p>\n<p class=\"read-more\"> <a class=\"\" href=\"http:\/\/aatv-renovation.fr\/index.php\/travaux-interieurs\/amenagements-sur-mesure\/\"> <span class=\"screen-reader-text\">Am\u00e9nagements sur-mesure<\/span> Read More &raquo;<\/a><\/p>\n","protected":false},"author":1,"featured_media":0,"parent":78,"menu_order":4,"comment_status":"closed","ping_status":"closed","template":"","meta":{"_coblocks_attr":"","_coblocks_dimensions":"","_coblocks_responsive_height":"","_coblocks_accordion_ie_support":"","site-sidebar-layout":"default","site-content-layout":"","ast-site-content-layout":"","site-content-style":"default","site-sidebar-style":"default","ast-global-header-display":"","ast-banner-title-visibility":"","ast-main-header-display":"","ast-hfb-above-header-display":"","ast-hfb-below-header-display":"","ast-hfb-mobile-header-display":"","site-post-title":"disabled","ast-breadcrumbs-content":"","ast-featured-img":"","footer-sml-layout":"","theme-transparent-header-meta":"","adv-header-id-meta":"","stick-header-meta":"","header-above-stick-meta":"","header-main-stick-meta":"","header-below-stick-meta":"","astra-migrate-meta-layouts":"","ast-page-background-enabled":"default","ast-page-background-meta":{"desktop":{"background-color":"var(--ast-global-color-4)","background-image":"","background-repeat":"repeat","background-position":"center center","background-size":"auto","background-attachment":"scroll","background-type":"","background-media":"","overlay-type":"","overlay-color":"","overlay-gradient":""},"tablet":{"background-color":"","background-image":"","background-repeat":"repeat","background-position":"center center","background-size":"auto","background-attachment":"scroll","background-type":"","background-media":"","overlay-type":"","overlay-color":"","overlay-gradient":""},"mobile":{"background-color":"","background-image":"","background-repeat":"repeat","background-position":"center center","background-size":"auto","background-attachment":"scroll","background-type":"","background-media":"","overlay-type":"","overlay-color":"","overlay-gradient":""}},"ast-content-background-meta":{"desktop":{"background-color":"var(--ast-global-color-5)","background-image":"","background-repeat":"repeat","background-position":"center center","background-size":"auto","background-attachment":"scroll","background-type":"","background-media":"","overlay-type":"","overlay-color":"","overlay-gradient":""},"tablet":{"background-color":"var(--ast-global-color-5)","background-image":"","background-repeat":"repeat","background-position":"center center","background-size":"auto","background-attachment":"scroll","background-type":"","background-media":"","overlay-type":"","overlay-color":"","overlay-gradient":""},"mobile":{"background-color":"var(--ast-global-color-5)","background-image":"","background-repeat":"repeat","background-position":"center center","background-size":"auto","background-attachment":"scroll","background-type":"","background-media":"","overlay-type":"","overlay-color":"","overlay-gradient":""}},"footnotes":""},"class_list":["post-251","page","type-page","status-publish","hentry"],"yoast_head":"<!-- This site is optimized with the Yoast SEO plugin v21.5 - https:\/\/yoast.com\/wordpress\/plugins\/seo\/ -->\n<title>Am\u00e9nagements sur-mesure - AATV R\u00e9novation<\/title>\n<meta name=\"description\" content=\"Une \u00e9quipe pluridisciplinaire d\u2019artisans qualifi\u00e9s pour l&#039;agencement sur mesure, \u00e0 Lyon 6e et Grenoble\" \/>\n<meta name=\"robots\" content=\"index, follow, max-snippet:-1, max-image-preview:large, max-video-preview:-1\" \/>\n<link rel=\"canonical\" href=\"http:\/\/aatv-renovation.fr\/index.php\/travaux-interieurs\/amenagements-sur-mesure\/\" \/>\n<meta property=\"og:locale\" content=\"en_US\" \/>\n<meta property=\"og:type\" content=\"article\" \/>\n<meta property=\"og:title\" content=\"Am\u00e9nagements sur-mesure - AATV R\u00e9novation\" \/>\n<meta property=\"og:description\" content=\"Une \u00e9quipe pluridisciplinaire d\u2019artisans qualifi\u00e9s pour l&#039;agencement sur mesure, \u00e0 Lyon 6e et Grenoble\" \/>\n<meta property=\"og:url\" content=\"http:\/\/aatv-renovation.fr\/index.php\/travaux-interieurs\/amenagements-sur-mesure\/\" \/>\n<meta property=\"og:site_name\" content=\"AATV R\u00e9novation\" \/>\n<meta property=\"article:modified_time\" content=\"2023-11-03T15:36:34+00:00\" \/>\n<meta property=\"og:image\" content=\"http:\/\/aatv-renovation.fr\/wp-content\/uploads\/2023\/10\/icon-group.png\" \/>\n<meta name=\"twitter:card\" content=\"summary_large_image\" \/>\n<meta name=\"twitter:label1\" content=\"Est. reading time\" \/>\n\t<meta name=\"twitter:data1\" content=\"3 minutes\" \/>\n<script type=\"application\/ld+json\" class=\"yoast-schema-graph\">{\"@context\":\"https:\/\/schema.org\",\"@graph\":[{\"@type\":\"WebPage\",\"@id\":\"http:\/\/aatv-renovation.fr\/index.php\/travaux-interieurs\/amenagements-sur-mesure\/\",\"url\":\"http:\/\/aatv-renovation.fr\/index.php\/travaux-interieurs\/amenagements-sur-mesure\/\",\"name\":\"Am\u00e9nagements sur-mesure - AATV R\u00e9novation\",\"isPartOf\":{\"@id\":\"http:\/\/aatv-renovation.fr\/#website\"},\"datePublished\":\"2023-10-24T16:38:36+00:00\",\"dateModified\":\"2023-11-03T15:36:34+00:00\",\"description\":\"Une \u00e9quipe pluridisciplinaire d\u2019artisans qualifi\u00e9s pour l'agencement sur mesure, \u00e0 Lyon 6e et Grenoble\",\"breadcrumb\":{\"@id\":\"http:\/\/aatv-renovation.fr\/index.php\/travaux-interieurs\/amenagements-sur-mesure\/#breadcrumb\"},\"inLanguage\":\"en-US\",\"potentialAction\":[{\"@type\":\"ReadAction\",\"target\":[\"http:\/\/aatv-renovation.fr\/index.php\/travaux-interieurs\/amenagements-sur-mesure\/\"]}]},{\"@type\":\"BreadcrumbList\",\"@id\":\"http:\/\/aatv-renovation.fr\/index.php\/travaux-interieurs\/amenagements-sur-mesure\/#breadcrumb\",\"itemListElement\":[{\"@type\":\"ListItem\",\"position\":1,\"name\":\"Accueil\",\"item\":\"http:\/\/aatv-renovation.fr\/\"},{\"@type\":\"ListItem\",\"position\":2,\"name\":\"Travaux int\u00e9rieurs\",\"item\":\"http:\/\/aatv-renovation.fr\/index.php\/travaux-interieurs\/\"},{\"@type\":\"ListItem\",\"position\":3,\"name\":\"Am\u00e9nagements sur-mesure\"}]},{\"@type\":\"WebSite\",\"@id\":\"http:\/\/aatv-renovation.fr\/#website\",\"url\":\"http:\/\/aatv-renovation.fr\/\",\"name\":\"AATV RENOVATION\",\"description\":\"Une entreprise de r\u00e9novation, \u00e0 Lyon\",\"publisher\":{\"@id\":\"http:\/\/aatv-renovation.fr\/#organization\"},\"potentialAction\":[{\"@type\":\"SearchAction\",\"target\":{\"@type\":\"EntryPoint\",\"urlTemplate\":\"http:\/\/aatv-renovation.fr\/?s={search_term_string}\"},\"query-input\":\"required name=search_term_string\"}],\"inLanguage\":\"en-US\"},{\"@type\":\"Organization\",\"@id\":\"http:\/\/aatv-renovation.fr\/#organization\",\"name\":\"AATV RENOVATION\",\"url\":\"http:\/\/aatv-renovation.fr\/\",\"logo\":{\"@type\":\"ImageObject\",\"inLanguage\":\"en-US\",\"@id\":\"http:\/\/aatv-renovation.fr\/#\/schema\/logo\/image\/\",\"url\":\"http:\/\/aatv-renovation.fr\/wp-content\/uploads\/2023\/06\/LOGO_AATV_Vectorised-grand-format.png\",\"contentUrl\":\"http:\/\/aatv-renovation.fr\/wp-content\/uploads\/2023\/06\/LOGO_AATV_Vectorised-grand-format.png\",\"width\":1024,\"height\":868,\"caption\":\"AATV RENOVATION\"},\"image\":{\"@id\":\"http:\/\/aatv-renovation.fr\/#\/schema\/logo\/image\/\"}}]}<\/script>\n<!-- \/ Yoast SEO plugin. -->","yoast_head_json":{"title":"Am\u00e9nagements sur-mesure - AATV R\u00e9novation","description":"Une \u00e9quipe pluridisciplinaire d\u2019artisans qualifi\u00e9s pour l'agencement sur mesure, \u00e0 Lyon 6e et Grenoble","robots":{"index":"index","follow":"follow","max-snippet":"max-snippet:-1","max-image-preview":"max-image-preview:large","max-video-preview":"max-video-preview:-1"},"canonical":"http:\/\/aatv-renovation.fr\/index.php\/travaux-interieurs\/amenagements-sur-mesure\/","og_locale":"en_US","og_type":"article","og_title":"Am\u00e9nagements sur-mesure - AATV R\u00e9novation","og_description":"Une \u00e9quipe pluridisciplinaire d\u2019artisans qualifi\u00e9s pour l'agencement sur mesure, \u00e0 Lyon 6e et Grenoble","og_url":"http:\/\/aatv-renovation.fr\/index.php\/travaux-interieurs\/amenagements-sur-mesure\/","og_site_name":"AATV R\u00e9novation","article_modified_time":"2023-11-03T15:36:34+00:00","og_image":[{"url":"http:\/\/aatv-renovation.fr\/wp-content\/uploads\/2023\/10\/icon-group.png"}],"twitter_card":"summary_large_image","twitter_misc":{"Est. reading time":"3 minutes"},"schema":{"@context":"https:\/\/schema.org","@graph":[{"@type":"WebPage","@id":"http:\/\/aatv-renovation.fr\/index.php\/travaux-interieurs\/amenagements-sur-mesure\/","url":"http:\/\/aatv-renovation.fr\/index.php\/travaux-interieurs\/amenagements-sur-mesure\/","name":"Am\u00e9nagements sur-mesure - AATV R\u00e9novation","isPartOf":{"@id":"http:\/\/aatv-renovation.fr\/#website"},"datePublished":"2023-10-24T16:38:36+00:00","dateModified":"2023-11-03T15:36:34+00:00","description":"Une \u00e9quipe pluridisciplinaire d\u2019artisans qualifi\u00e9s pour l'agencement sur mesure, \u00e0 Lyon 6e et Grenoble","breadcrumb":{"@id":"http:\/\/aatv-renovation.fr\/index.php\/travaux-interieurs\/amenagements-sur-mesure\/#breadcrumb"},"inLanguage":"en-US","potentialAction":[{"@type":"ReadAction","target":["http:\/\/aatv-renovation.fr\/index.php\/travaux-interieurs\/amenagements-sur-mesure\/"]}]},{"@type":"BreadcrumbList","@id":"http:\/\/aatv-renovation.fr\/index.php\/travaux-interieurs\/amenagements-sur-mesure\/#breadcrumb","itemListElement":[{"@type":"ListItem","position":1,"name":"Accueil","item":"http:\/\/aatv-renovation.fr\/"},{"@type":"ListItem","position":2,"name":"Travaux int\u00e9rieurs","item":"http:\/\/aatv-renovation.fr\/index.php\/travaux-interieurs\/"},{"@type":"ListItem","position":3,"name":"Am\u00e9nagements sur-mesure"}]},{"@type":"WebSite","@id":"http:\/\/aatv-renovation.fr\/#website","url":"http:\/\/aatv-renovation.fr\/","name":"AATV RENOVATION","description":"Une entreprise de r\u00e9novation, \u00e0 Lyon","publisher":{"@id":"http:\/\/aatv-renovation.fr\/#organization"},"potentialAction":[{"@type":"SearchAction","target":{"@type":"EntryPoint","urlTemplate":"http:\/\/aatv-renovation.fr\/?s={search_term_string}"},"query-input":"required name=search_term_string"}],"inLanguage":"en-US"},{"@type":"Organization","@id":"http:\/\/aatv-renovation.fr\/#organization","name":"AATV RENOVATION","url":"http:\/\/aatv-renovation.fr\/","logo":{"@type":"ImageObject","inLanguage":"en-US","@id":"http:\/\/aatv-renovation.fr\/#\/schema\/logo\/image\/","url":"http:\/\/aatv-renovation.fr\/wp-content\/uploads\/2023\/06\/LOGO_AATV_Vectorised-grand-format.png","contentUrl":"http:\/\/aatv-renovation.fr\/wp-content\/uploads\/2023\/06\/LOGO_AATV_Vectorised-grand-format.png","width":1024,"height":868,"caption":"AATV RENOVATION"},"image":{"@id":"http:\/\/aatv-renovation.fr\/#\/schema\/logo\/image\/"}}]}},"jetpack_sharing_enabled":true,"_links":{"self":[{"href":"http:\/\/aatv-renovation.fr\/index.php\/wp-json\/wp\/v2\/pages\/251","targetHints":{"allow":["GET"]}}],"collection":[{"href":"http:\/\/aatv-renovation.fr\/index.php\/wp-json\/wp\/v2\/pages"}],"about":[{"href":"http:\/\/aatv-renovation.fr\/index.php\/wp-json\/wp\/v2\/types\/page"}],"author":[{"embeddable":true,"href":"http:\/\/aatv-renovation.fr\/index.php\/wp-json\/wp\/v2\/users\/1"}],"replies":[{"embeddable":true,"href":"http:\/\/aatv-renovation.fr\/index.php\/wp-json\/wp\/v2\/comments?post=251"}],"version-history":[{"count":3,"href":"http:\/\/aatv-renovation.fr\/index.php\/wp-json\/wp\/v2\/pages\/251\/revisions"}],"predecessor-version":[{"id":368,"href":"http:\/\/aatv-renovation.fr\/index.php\/wp-json\/wp\/v2\/pages\/251\/revisions\/368"}],"up":[{"embeddable":true,"href":"http:\/\/aatv-renovation.fr\/index.php\/wp-json\/wp\/v2\/pages\/78"}],"wp:attachment":[{"href":"http:\/\/aatv-renovation.fr\/index.php\/wp-json\/wp\/v2\/media?parent=251"}],"curies":[{"name":"wp","href":"https:\/\/api.w.org\/{rel}","templated":true}]}}